base 9?
-56070
What is -10d6 (base 15) in base 3?
-11220110
What is -3237 (base 8) in base 6?
-11503
-740 (base 11) to base 16
-37b
What is -2313 (base 14) in base 8?
-13715
221111 (base 3) to base 11
576
cc28 (base 14) to base 8
104764
Convert -6ab (base 13) to base 11.
-960
Convert 200000 (base 6) to base 13.
7104
Convert 36a (base 15) to base 14.
3d5
Convert 2100202 (base 3) to base 16.
6b9
Convert 323150 (base 6) to base 14.
99c6
Convert -142412 (base 5) to base 15.
-1b8c
What is 30222002 (base 4) in base 13?
1a79b
What is -2437 (base 15) in base 14?
-2b42
12845 (base 10) to base 14
4977
-2aee (base 16) to base 10
-10990
Convert -5a3 (base 11) to base 4.
-23032
-7ab1 (base 14) to base 5
-1140243
2221220110 (base 3) to base 15
123d6
824 (base 9) to base 10
670
1058 (base 15) to base 6
24002
What is -24128 (base 9) in base 4?
-3330101
111010001 (base 2) to base 5
3330
Convert 2271 (base 12) to base 14.
1577
What is 100213 (base 4) in base 13?
63a
-4022 (base 5) to base 3
-200222
Convert 41a (base 12) to base 7.
1513
Convert 816 (base 10) to base 6.
3440
Convert -2553 (base 9) to base 4.
-131313
9ed (base 16) to base 6
15433
-132222 (base 4) to base 13
-b7c
What is -41144 (base 5) in base 3?
-10200001
Convert 1033100 (base 4) to base 2.
1001111010000
What is 100111111000 (base 2) in base 3?
10111112
Convert 12343 (base 15) to base 6.
1125013
Convert 417 (base 8) to base 2.
100001111
Convert 13476 (base 10) to base 6.
142220
-a4a (base 11) to base 9
-1654
-176315 (base 8) to base 14
-19829
Convert 257 (base 15) to base 6.
2244
Convert 6670 (base 8) to base 10.
3512
What is 1601 (base 13) in base 5?
100322
Convert aa2a (base 12) to base 5.
1100004
-566 (base 8) to base 7
-1043
-12200021 (base 3) to base 6
-31054
Convert -380 (base 13) to base 11.
-506
What is -211110 (base 3) in base 7?
-1524
-1111010011100 (base 2) to base 14
-2bda
13b1 (base 13) to base 12
1794
What is -600 (base 14) in base 5?
-14201
Convert 100240 (base 5) to base 2.
110001111011
-438b (base 15) to base 10
-14306
What is -4600 (base 14) in base 11?
-9148
Convert 1121012121 (base 3) to base 6.
401454
What is 54a7 (base 11) in base 14?
2904
1100000111001100 (base 2) to base 13
19774
What is -28372 (base 12) in base 7?
-321503
Convert 2077 (base 8) to base 3.
1111021
Convert -473 (base 9) to base 11.
-325
What is 504 (base 13) in base 2?
1101010001
-473 (base 13) to base 8
-1402
-5b (base 15) to base 12
-72
What is 22124 (base 5) in base 15?
6c9
Convert -1341103 (base 5) to base 12.
-14005
102525 (base 6) to base 7
33335
Convert -25e (base 15) to base 16.
-21b
-e72 (base 15) to base 9
-4418
-12112 (base 7) to base 12
-19a1
Convert -11100010 (base 2) to base 13.
-145
What is 203 (base 15) in base 7?
1215
-930e (base 16) to base 8
-111416
-2141243 (base 5) to base 2
-1001000011010001
Convert -212000 (base 3) to base 11.
-515
Convert 111001011 (base 3) to base 15.
2c3d
-43044 (base 5) to base 14
-10b1
Convert 4d (base 16) to base 2.
1001101
-333320 (base 5) to base 11
-8886
What is -5286 (base 9) in base 14?
-15b7
Convert -1550 (base 6) to base 16.
-1aa
18210 (base 13) to base 2
1011010110011000
-3201132 (base 5) to base 6
-1050420
What is -201122102 (base 3) in base 13?
-6698
What is -e0a (base 16) in base 12?
-20b6
21051 (base 6) to base 9
3804
Convert 7784 (base 12) to base 4.
3032110
Convert 536 (base 14) to base 15.
488
-a7a (base 16) to base 12
-1676
Convert -3330 (base 8) to base 4.
-123120
What is 111220002 (base 3) in base 9?
14802
What is 3421204 (base 5) in base 16?
ed84
Convert 20210 (base 3) to base 13.
111
What is -110010001010 (base 2) in base 5?
-100320
Convert -11653 (base 8) to base 9.
-6814
-1105 (base 8) to base 4
-21011
Convert -101201 (base 4) to base 15.
-4eb
-51334 (base 7) to base 16
-30e8
Convert 12f (base 16) to base 4.
10233
Convert 14b0 (base 14) to base 15.
1157
What is 5034 (base 6) in base 16?
44e
495 (base 12) to base 13
410
What is 4223 (base 6) in base 4?
32313
Convert 10001 (base 5) to base 9.
765
45b (base 15) to base 5
12421
What is -1212 (base 4) in base 3?
-10210
What is -1000202012 (base 3) in base 9?
-30665
Convert 7b9 (base 14) to base 6.
11035
-d05a (base 15) to base 16
-abb8
130133 (base 4) to base 3
2111112
Convert 2 (base 14) to base 5.
2
-38416 (base 11) to base 9
-83481
Convert -210300 (base 4) to base 15.
-a6c
Convert -10111020 (base 3) to base 14.
-cda
What is -571 (base 8) in base 9?
-458
What is -4156 (base 13) in base 16?
-2344
Convert -102013 (base 4) to base 12.
-807
-121124 (base 6) to base 7
-43003
Convert -22132 (base 5) to base 2.
-11000000110
What is -1513 (base 6) in base 11?
-339
-1966 (base 10) to base 15
-8b1
1201212201 (base 3) to base 5
2043144
What is 9 (base 14) in base 6?
13
-1069a (base 11) to base 7
-63056
What is -202221 (base 3) in base 11?
-474
What is 8da2 (base 14) in base 10?
24642
What is -118 (base 16) in base 11?
-235
-22233 (base 4) to base 13
-40b
What is -176 (base 15) in base 8?
-520
What is -2093 (base 10) in base 2?
-100000101101
Convert -1364 (base 8) to base 15.
-356
Convert -360 (base 9) to base 10.
-297
1289 (base 10) to base 13
782
151 (base 15) to base 16
12d
3310224 (base 5) to base 10
56939
1fe (base 16) to base 8
776
Convert 616 (base 12) to base 4.
31302
-645 (base 7) to base 16
-147
Convert 14a2 (base 13) to base 10.
3005
Convert 16667 (base 9) to base 11.
8699
d2 (base 16) to base 7
420
-a72 (base 16) to base 2
-101001110010
-1110012222 (base 3) to base 13
-10025
What is 111101001100 (base 2) in base 3?
12101001
27c (base 13) to base 7
1200
Convert 3014 (base 5) to base 4.
12000
1723 (base 12) to base 5
42023
Convert 1458 (base 16) to base 10.
5208
-247 (base 13) to base 12
-291
What is -270 (base 8) in base 12?
-134
Convert 3e9c (base 16) to base 3.
210222122
What is -1000110 (base 2) in base 12?
-5a
What is -2504 (base 11) in base 16?
-cc7
Convert 295 (base 11) to base 6.
1334
2594 (base 10) to base 7
10364
Convert 182 (base 15) to base 12.
24b
What is 747 (base 11) in base 12?
62a
Convert -2172 (base 11) to base 16.
-b2e
What is -13352 (base 6) in base 3?
-2212012
Convert 661 (base 7) to base 16.
151
-6ba0 (base 16) to base 15
-826c
5 (base 14) to base 12
5
Convert -12 (base 6) to base 5.
-13
Convert -247 (base 16) to base 9.
-717
What is -144 (base 15) in base 9?
-351
What is -441 (base 12) in base 5?
-10000
What is -522 (base 12) in base 3?
-1000122
What is 20569 (base 12) in base 9?
63880
-4351 (base 14) to base 8
-26563
-85aa (base 13) to base 9
-27413
Convert -166 (base 14) to base 15.
-141
What is 1101011101 (base 2) in base 14?
457
326 (base 13) to base 5
4124
What is -2b (base 16) in base 10?
-43
-2043 (base 13) to base 12
-26a9
Convert -3bd (base 14) to base 11.
-627
What is 136b6 (base 12) in base 8?
64452
What is 13011320 (base 4) in base 13?
102b6
What is 662 (base 16) in base 14?
84a
Convert 8cb (base 14) to base 13.
a45
-1522 (base 6) to base 16
-19a
-8378 (base 9) to base 13
-2a4a
What is 43a7 (base 15) in base 14?
531a
2664 (base 8) to base 9
2002
What is -433 (base 9) in base 12?
-256
What is 10635 (base 9) in base 2?
1101110100111
Convert 23554 (base 7) to base 3.
22101111
-2e98 (base 16) to base 11
-8a64
-88 (base 10) to base 4
-1120
-1410 (base 6) to base 9
-446
Convert -31202 (base 4) to base 8.
-1542
Convert 35140 (base 8) to base 16.
3a60
Convert -31240 (base 6) to base 8.
-10150
Convert -1188 (base 11) to base 2.
-11000001100
-6463 (base 7) to base 6
-14351
Convert 3b0 (base 12) to base 6.
2340
Convert 1421 (base 9) to base 16.
430
What is -210 (base 7) in base 12?
-89
Convert -11651 (base 13) to base 12.
-16512
What is 157556 (base 8) in base 2?
1101111101101110
What is 121101 (base 3) in base 14?
238
Convert 1222111 (base 3) to base 5.
21234
What is -1001010101 (base 2) in base 11?
-4a3
11021003 (base 4) to base 2
101001001000011
81d (base 14) to base 11
1220
1633 (base 8) to base 16
39b
Convert 4bb7 (base 13) to base 9.
15726
Convert -7f9 (base 16) to base 2.
-11111111001
Convert 12551 (base 6) to base 9.
2584
What is 3ba7 (base 14) in base 6?
120435
What is 25001 (base 8) in base 3?
112202021
111001 (base 2) to base 11
52
What is -1301 (base 5) in base 13?
-126
Convert -111111101 (base 2) to base 5.
-4014
Convert -10100111000 (base 2) to base 7.
-